{"id":969,"date":"2023-09-28T20:47:09","date_gmt":"2023-09-28T18:47:09","guid":{"rendered":"https:\/\/solitairesfootparis.investir-sur-soi.fr\/?post_type=product&#038;p=969"},"modified":"2024-04-23T19:41:40","modified_gmt":"2024-04-23T17:41:40","slug":"license-fc-solitaires","status":"publish","type":"product","link":"https:\/\/solitairesfootparis.investir-sur-soi.fr\/index.php\/produit\/license-fc-solitaires\/","title":{"rendered":"License Fc solitaires"},"content":{"rendered":"\t\t<div data-elementor-type=\"wp-post\" data-elementor-id=\"969\" class=\"elementor elementor-969\">\n\t\t\t\t\t\t<section class=\"elementor-section elementor-top-section elementor-element elementor-element-12631858 elementor-section-boxed elementor-section-height-default elementor-section-height-default wpr-particle-no wpr-jarallax-no wpr-parallax-no wpr-sticky-section-no\" data-id=\"12631858\" data-element_type=\"section\">\n\t\t\t\t\t\t<div class=\"elementor-container elementor-column-gap-default\">\n\t\t\t\t\t<div class=\"elementor-column elementor-col-100 elementor-top-column elementor-element elementor-element-7bfc95b7\" data-id=\"7bfc95b7\" data-element_type=\"column\">\n\t\t\t<div class=\"elementor-widget-wrap elementor-element-populated\">\n\t\t\t\t\t\t<div class=\"elementor-element elementor-element-10400934 elementor-widget elementor-widget-text-editor\" data-id=\"10400934\" data-element_type=\"widget\" data-widget_type=\"text-editor.default\">\n\t\t\t\t<div class=\"elementor-widget-container\">\n\t\t\t\t\t\t\t\t\t<p style=\"text-align: center\"><em><strong>INSCRIPTIONS 2024\/2025<\/strong><\/em><\/p>\n<p style=\"text-align: center\">La saison de football 2023\/2024 est arriv\u00e9\u00a0 <strong>FC SOLITAIRES PARIS-EST .<\/strong><\/p>\n<p style=\"text-align: center\"><em><strong>Licence Saison<\/strong><\/em> 2023 \/ 2024<\/p>\n\n<ul>\n \t<li>1 surv\u00eatement<\/li>\n \t<li>1 paire de chaussette<\/li>\n<\/ul>\n<p style=\"text-align: center\"><\/p>\t\t\t\t\t\t\t\t<\/div>\n\t\t\t\t<\/div>\n\t\t\t\t\t<\/div>\n\t\t<\/div>\n\t\t\t\t\t<\/div>\n\t\t<\/section>\n\t\t\t\t<article class=\"elementor-section elementor-top-section elementor-element elementor-element-02aa4a3 elementor-section-height-min-height elementor-section-content-middle elementor-section-stretched elementor-section-boxed elementor-section-height-default elementor-section-items-middle wpr-particle-no wpr-jarallax-no wpr-parallax-no wpr-sticky-section-no\" data-id=\"02aa4a3\" data-element_type=\"section\" data-settings=\"{&quot;stretch_section&quot;:&quot;section-stretched&quot;}\">\n\t\t\t\t\t\t<div class=\"elementor-container elementor-column-gap-wider\">\n\t\t\t\t\t<div class=\"elementor-column elementor-col-100 elementor-top-column elementor-element elementor-element-e6697db\" data-id=\"e6697db\" data-element_type=\"column\">\n\t\t\t<div class=\"elementor-widget-wrap elementor-element-populated\">\n\t\t\t\t\t\t<div class=\"elementor-element elementor-element-acf11b9 e-transform elementor-widget elementor-widget-shortcode\" data-id=\"acf11b9\" data-element_type=\"widget\" data-settings=\"{&quot;_transform_scale_effect&quot;:{&quot;unit&quot;:&quot;px&quot;,&quot;size&quot;:1.1,&quot;sizes&quot;:[]},&quot;_transform_scale_effect_tablet&quot;:{&quot;unit&quot;:&quot;px&quot;,&quot;size&quot;:&quot;&quot;,&quot;sizes&quot;:[]},&quot;_transform_scale_effect_mobile&quot;:{&quot;unit&quot;:&quot;px&quot;,&quot;size&quot;:&quot;&quot;,&quot;sizes&quot;:[]}}\" data-widget_type=\"shortcode.default\">\n\t\t\t\t<div class=\"elementor-widget-container\">\n\t\t\t\t\t\t\t<div class=\"elementor-shortcode\"><div class=\"woocommerce columns-6 \"><ul class=\"products columns-6\">\n<li class=\"product type-product post-1507 status-publish first instock product_cat-fan-club-license-boutique has-post-thumbnail downloadable taxable shipping-taxable purchasable product-type-simple\">\n\t<div class=\"product\">\n\t\t<div class=\"product-single\">\n\t\t\t<div class=\"product-img\">\n\t\t\t\t<a href=\"https:\/\/solitairesfootparis.investir-sur-soi.fr\/index.php\/produit\/tasse-mug-nom-footballeur\/\" class=\"woocommerce-LoopProduct-link woocommerce-loop-product__link\">\t\t\t\t<a href=\"https:\/\/solitairesfootparis.investir-sur-soi.fr\/index.php\/produit\/tasse-mug-nom-footballeur\/\">\n\t\t\t\t\t<img fetchpriority=\"high\" decoding=\"async\" width=\"1080\" height=\"1080\" src=\"https:\/\/solitairesfootparis.investir-sur-soi.fr\/wp-content\/uploads\/2023\/10\/Coffee-Mug-fc-solitaires-anniversaire-.png\" class=\"attachment-post-thumbnail size-post-thumbnail wp-post-image\" alt=\"\" srcset=\"https:\/\/solitairesfootparis.investir-sur-soi.fr\/wp-content\/uploads\/2023\/10\/Coffee-Mug-fc-solitaires-anniversaire-.png 1080w, https:\/\/solitairesfootparis.investir-sur-soi.fr\/wp-content\/uploads\/2023\/10\/Coffee-Mug-fc-solitaires-anniversaire--600x600.png 600w, https:\/\/solitairesfootparis.investir-sur-soi.fr\/wp-content\/uploads\/2023\/10\/Coffee-Mug-fc-solitaires-anniversaire--100x100.png 100w, https:\/\/solitairesfootparis.investir-sur-soi.fr\/wp-content\/uploads\/2023\/10\/Coffee-Mug-fc-solitaires-anniversaire--900x900.png 900w, https:\/\/solitairesfootparis.investir-sur-soi.fr\/wp-content\/uploads\/2023\/10\/Coffee-Mug-fc-solitaires-anniversaire--300x300.png 300w, https:\/\/solitairesfootparis.investir-sur-soi.fr\/wp-content\/uploads\/2023\/10\/Coffee-Mug-fc-solitaires-anniversaire--1024x1024.png 1024w, https:\/\/solitairesfootparis.investir-sur-soi.fr\/wp-content\/uploads\/2023\/10\/Coffee-Mug-fc-solitaires-anniversaire--150x150.png 150w, https:\/\/solitairesfootparis.investir-sur-soi.fr\/wp-content\/uploads\/2023\/10\/Coffee-Mug-fc-solitaires-anniversaire--768x768.png 768w, https:\/\/solitairesfootparis.investir-sur-soi.fr\/wp-content\/uploads\/2023\/10\/Coffee-Mug-fc-solitaires-anniversaire--128x128.png 128w, https:\/\/solitairesfootparis.investir-sur-soi.fr\/wp-content\/uploads\/2023\/10\/Coffee-Mug-fc-solitaires-anniversaire--32x32.png 32w\" sizes=\"(max-width: 1080px) 100vw, 1080px\" \/>\t\t\t\t<\/a>\n\t\t\t\t\n\t\t\t\t\t\t\t\t<div class=\"product-action\">\t\t\t\n\t\t\t\t\t<\/a><a data-pid=\"1507\" class=\"shopengine_add_to_list_action shopengine-wishlist badge se-btn inactive\" href=\"#\" ><i class=\"shopengine-icon-add_to_favourite_1\"><\/i><\/a><a title='Aper\u00e7u rapide' class='shopengine-quickview-trigger se-btn'\n\t\t\t\t\tdata-source-url='https:\/\/solitairesfootparis.investir-sur-soi.fr\/index.php\/produit\/tasse-mug-nom-footballeur\/'\n\t\t\t\t\thref='https:\/\/solitairesfootparis.investir-sur-soi.fr\/index.php\/produit\/tasse-mug-nom-footballeur\/'>\n\t\t\t\t\t<i class=\"shopengine-icon-quick_view_1\"><\/i>\n\t\t\t\t<\/a><a href=\"\/index.php\/wp-json\/wp\/v2\/product\/969?add-to-cart=1507\" aria-describedby=\"woocommerce_loop_add_to_cart_link_describedby_1507\" data-quantity=\"1\" class=\"button product_type_simple add_to_cart_button ajax_add_to_cart\" data-product_id=\"1507\" data-product_sku=\"\" aria-label=\"Ajouter au panier\u00a0: &ldquo;Tasse &quot;Mug&quot; avec le nom du Footballeur&rdquo;\" rel=\"nofollow\" data-success_message=\"\u00ab\u00a0Tasse &quot;Mug&quot; avec le nom du Footballeur\u00a0\u00bb a \u00e9t\u00e9 ajout\u00e9 \u00e0 votre panier\">Ajouter au panier<\/a><a data-payload='{\"pid\":1507}' class=\"shopengine_comparison_add_to_list_action shopengine-comparison badge se-btn inactive\"> <i class=\"shopengine-icon-product_compare_1\"><\/i> <\/a>\t<span id=\"woocommerce_loop_add_to_cart_link_describedby_1507\" class=\"screen-reader-text\">\n\t\t\t<\/span>\n\t\t\t\t<\/div>\n\t\t\t<\/div>\n\t\t\t<div class=\"product-content-outer\">\n\t\t\t\t<div class=\"product-content\">\n\t\t\t\t\t<div class=\"pro-rating\">\n\t\t\t\t\t\t\t\t\t\t\t<\/div>\n\t\t\t\t\t<h3><a href=\"https:\/\/solitairesfootparis.investir-sur-soi.fr\/index.php\/produit\/tasse-mug-nom-footballeur\/\">Tasse \u00ab\u00a0Mug\u00a0\u00bb avec le nom du Footballeur<\/a><\/h3>\n\t\t\t\t\t<div class=\"price\">\n\t\t\t\t\t\t<span class=\"woocommerce-Price-amount amount\"><bdi><span class=\"woocommerce-Price-currencySymbol\">&euro;<\/span>15.00<\/bdi><\/span>\t\t\t\t\t<\/div>\n\t\t\t\t<\/div>\n\t\t\t<\/div>\n\t\t<\/div>\n\t<\/div>\n<\/li>\n<\/ul>\n<\/div><\/div>\n\t\t\t\t\t\t<\/div>\n\t\t\t\t<\/div>\n\t\t\t\t\t<\/div>\n\t\t<\/div>\n\t\t\t\t\t<\/div>\n\t\t<\/article>\n\t\t\t\t<\/div>\n\t\t","protected":false},"excerpt":{"rendered":"<p>Inscription Licence 2023\/2024 Fc solitaires Club<\/p>\n","protected":false},"featured_media":970,"comment_status":"open","ping_status":"closed","template":"","meta":[],"product_brand":[],"product_cat":[36],"product_tag":[],"class_list":{"0":"post-969","1":"product","2":"type-product","3":"status-publish","4":"has-post-thumbnail","6":"product_cat-licence-inscription-saison-2023-2024","8":"first","9":"instock","10":"featured","11":"downloadable","12":"virtual","13":"taxable","14":"purchasable","15":"product-type-simple"},"jetpack_sharing_enabled":true,"_links":{"self":[{"href":"https:\/\/solitairesfootparis.investir-sur-soi.fr\/index.php\/wp-json\/wp\/v2\/product\/969","targetHints":{"allow":["GET"]}}],"collection":[{"href":"https:\/\/solitairesfootparis.investir-sur-soi.fr\/index.php\/wp-json\/wp\/v2\/product"}],"about":[{"href":"https:\/\/solitairesfootparis.investir-sur-soi.fr\/index.php\/wp-json\/wp\/v2\/types\/product"}],"replies":[{"embeddable":true,"href":"https:\/\/solitairesfootparis.investir-sur-soi.fr\/index.php\/wp-json\/wp\/v2\/comments?post=969"}],"version-history":[{"count":7,"href":"https:\/\/solitairesfootparis.investir-sur-soi.fr\/index.php\/wp-json\/wp\/v2\/product\/969\/revisions"}],"predecessor-version":[{"id":2200,"href":"https:\/\/solitairesfootparis.investir-sur-soi.fr\/index.php\/wp-json\/wp\/v2\/product\/969\/revisions\/2200"}],"wp:featuredmedia":[{"embeddable":true,"href":"https:\/\/solitairesfootparis.investir-sur-soi.fr\/index.php\/wp-json\/wp\/v2\/media\/970"}],"wp:attachment":[{"href":"https:\/\/solitairesfootparis.investir-sur-soi.fr\/index.php\/wp-json\/wp\/v2\/media?parent=969"}],"wp:term":[{"taxonomy":"product_brand","embeddable":true,"href":"https:\/\/solitairesfootparis.investir-sur-soi.fr\/index.php\/wp-json\/wp\/v2\/product_brand?post=969"},{"taxonomy":"product_cat","embeddable":true,"href":"https:\/\/solitairesfootparis.investir-sur-soi.fr\/index.php\/wp-json\/wp\/v2\/product_cat?post=969"},{"taxonomy":"product_tag","embeddable":true,"href":"https:\/\/solitairesfootparis.investir-sur-soi.fr\/index.php\/wp-json\/wp\/v2\/product_tag?post=969"}],"curies":[{"name":"wp","href":"https:\/\/api.w.org\/{rel}","templated":true}]}}