{"id":223,"date":"2023-07-24T18:17:49","date_gmt":"2023-07-24T16:17:49","guid":{"rendered":"https:\/\/solitairesfootparis.investir-sur-soi.fr\/?page_id=223"},"modified":"2023-09-04T19:27:28","modified_gmt":"2023-09-04T17:27:28","slug":"devenir-educateur","status":"publish","type":"page","link":"https:\/\/solitairesfootparis.investir-sur-soi.fr\/index.php\/devenir-educateur\/","title":{"rendered":"Devenir \u00e9ducateur"},"content":{"rendered":"\t\t<div data-elementor-type=\"wp-page\" data-elementor-id=\"223\" class=\"elementor elementor-223\">\n\t\t\t\t\t\t<section class=\"elementor-section elementor-top-section elementor-element elementor-element-8415831 elementor-section-boxed elementor-section-height-default elementor-section-height-default wpr-particle-no wpr-jarallax-no wpr-parallax-no wpr-sticky-section-no\" data-id=\"8415831\" data-element_type=\"section\">\n\t\t\t\t\t\t<div class=\"elementor-container elementor-column-gap-default\">\n\t\t\t\t\t<div class=\"elementor-column elementor-col-100 elementor-top-column elementor-element elementor-element-5a3ea4b\" data-id=\"5a3ea4b\" data-element_type=\"column\">\n\t\t\t<div class=\"elementor-widget-wrap elementor-element-populated\">\n\t\t\t\t\t\t<section class=\"elementor-section elementor-inner-section elementor-element elementor-element-402f236 elementor-section-boxed elementor-section-height-default elementor-section-height-default wpr-particle-no wpr-jarallax-no wpr-parallax-no wpr-sticky-section-no\" data-id=\"402f236\" data-element_type=\"section\">\n\t\t\t\t\t\t<div class=\"elementor-container elementor-column-gap-default\">\n\t\t\t\t\t<div class=\"elementor-column elementor-col-50 elementor-inner-column elementor-element elementor-element-cb6b986\" data-id=\"cb6b986\" data-element_type=\"column\">\n\t\t\t<div class=\"elementor-widget-wrap\">\n\t\t\t\t\t\t\t<\/div>\n\t\t<\/div>\n\t\t\t\t<div class=\"elementor-column elementor-col-50 elementor-inner-column elementor-element elementor-element-309a448\" data-id=\"309a448\" data-element_type=\"column\">\n\t\t\t<div class=\"elementor-widget-wrap\">\n\t\t\t\t\t\t\t<\/div>\n\t\t<\/div>\n\t\t\t\t\t<\/div>\n\t\t<\/section>\n\t\t\t\t<div class=\"elementor-element elementor-element-f2d8d75 elementor-widget elementor-widget-heading\" data-id=\"f2d8d75\" data-element_type=\"widget\" data-widget_type=\"heading.default\">\n\t\t\t\t<div class=\"elementor-widget-container\">\n\t\t\t\t\t<h2 class=\"elementor-heading-title elementor-size-default\">Devenir \u00e9ducateur  <\/h2>\t\t\t\t<\/div>\n\t\t\t\t<\/div>\n\t\t\t\t<div class=\"elementor-element elementor-element-b5684a8 elementor-widget elementor-widget-image\" data-id=\"b5684a8\" data-element_type=\"widget\" data-widget_type=\"image.default\">\n\t\t\t\t<div class=\"elementor-widget-container\">\n\t\t\t\t\t\t\t\t\t\t\t\t\t\t\t<img fetchpriority=\"high\" decoding=\"async\" width=\"1024\" height=\"683\" src=\"https:\/\/solitairesfootparis.investir-sur-soi.fr\/wp-content\/uploads\/2023\/07\/FC-Solitaires-equipe-vestiare.jpg\" class=\"attachment-large size-large wp-image-103\" alt=\"\" srcset=\"https:\/\/solitairesfootparis.investir-sur-soi.fr\/wp-content\/uploads\/2023\/07\/FC-Solitaires-equipe-vestiare.jpg 1024w, https:\/\/solitairesfootparis.investir-sur-soi.fr\/wp-content\/uploads\/2023\/07\/FC-Solitaires-equipe-vestiare-900x600.jpg 900w, https:\/\/solitairesfootparis.investir-sur-soi.fr\/wp-content\/uploads\/2023\/07\/FC-Solitaires-equipe-vestiare-300x200.jpg 300w, https:\/\/solitairesfootparis.investir-sur-soi.fr\/wp-content\/uploads\/2023\/07\/FC-Solitaires-equipe-vestiare-768x512.jpg 768w, https:\/\/solitairesfootparis.investir-sur-soi.fr\/wp-content\/uploads\/2023\/07\/FC-Solitaires-equipe-vestiare-128x85.jpg 128w, https:\/\/solitairesfootparis.investir-sur-soi.fr\/wp-content\/uploads\/2023\/07\/FC-Solitaires-equipe-vestiare-32x21.jpg 32w\" sizes=\"(max-width: 1024px) 100vw, 1024px\" \/>\t\t\t\t\t\t\t\t\t\t\t\t\t\t\t<\/div>\n\t\t\t\t<\/div>\n\t\t\t\t<div class=\"elementor-element elementor-element-7f2307a elementor-widget elementor-widget-text-editor\" data-id=\"7f2307a\" data-element_type=\"widget\" data-widget_type=\"text-editor.default\">\n\t\t\t\t<div class=\"elementor-widget-container\">\n\t\t\t\t\t\t\t\t\t<p><strong>Le club de football leader du 19\u00e8me arrondissement, FC Solitaires, qui compte 592 adh\u00e9rents, recherche des \u00e9ducateurs pour encadrer ses \u00e9quipes de jeunes (gar\u00e7ons et filles) au cours de la saison 2024\/2025 (en particulier pour son \u00e9cole de football).<\/strong><br \/><strong>N&rsquo;h\u00e9sitez pas \u00e0 nous contacter si vous souhaitez d\u00e9couvrir l&rsquo;encadrement d&rsquo;\u00e9quipes de football ou parfaire votre apprentissage et votre pratique au sein d&rsquo;une \u00e9quipe familiale et s\u00e9rieuse. Vous pourrez vous \u00e9panouir en contact avec nos \u00e9quipes et travailler en bin\u00f4me avec nos \u00e9ducateurs dipl\u00f4m\u00e9s si besoin.<\/strong><br \/><strong>Pour permettre \u00e0 tous ses \u00e9ducateurs de progresser dans un cadre chaleureux et convivial, FC Solitaires finance les formations f\u00e9d\u00e9rales.<\/strong><br \/><strong>N&rsquo;h\u00e9sitez pas \u00e0 contacter le club \u00e0 contact@fcsolitaires.fr ou \u00e0 appeler directement notre coach avec vos informations ; Pr\u00e9nom + Nom +Ann\u00e9e + club actuel niveau.<\/strong><br \/><strong>En vous remerciant par avance.<\/strong><\/p>\t\t\t\t\t\t\t\t<\/div>\n\t\t\t\t<\/div>\n\t\t\t\t\t<\/div>\n\t\t<\/div>\n\t\t\t\t\t<\/div>\n\t\t<\/section>\n\t\t\t\t<\/div>\n\t\t","protected":false},"excerpt":{"rendered":"<p>Devenir \u00e9ducateur Le club de football leader du 19\u00e8me arrondissement, FC Solitaires, qui compte 592 adh\u00e9rents, recherche des \u00e9ducateurs pour encadrer ses \u00e9quipes de jeunes (gar\u00e7ons et filles) au cours de la saison 2024\/2025 (en particulier pour son \u00e9cole de football).N&rsquo;h\u00e9sitez pas \u00e0 nous contacter si vous souhaitez d\u00e9couvrir l&rsquo;encadrement d&rsquo;\u00e9quipes de football ou parfaire votre apprentissage et votre pratique au sein d&rsquo;une \u00e9quipe familiale et s\u00e9rieuse. Vous pourrez vous \u00e9panouir en contact avec nos \u00e9quipes et travailler en bin\u00f4me avec nos \u00e9ducateurs dipl\u00f4m\u00e9s si besoin.Pour permettre \u00e0 tous ses \u00e9ducateurs de progresser dans un cadre chaleureux et convivial, FC Solitaires finance les formations f\u00e9d\u00e9rales.N&rsquo;h\u00e9sitez pas \u00e0 contacter le club \u00e0 contact@fcsolitaires.fr ou \u00e0 appeler directement notre coach avec vos informations ; Pr\u00e9nom + Nom +Ann\u00e9e + club actuel niveau.En vous remerciant par avance.<\/p>\n","protected":false},"author":1,"featured_media":0,"parent":0,"menu_order":0,"comment_status":"closed","ping_status":"closed","template":"","meta":{"footnotes":""},"class_list":["post-223","page","type-page","status-publish","hentry"],"jetpack_sharing_enabled":true,"_links":{"self":[{"href":"https:\/\/solitairesfootparis.investir-sur-soi.fr\/index.php\/wp-json\/wp\/v2\/pages\/223","targetHints":{"allow":["GET"]}}],"collection":[{"href":"https:\/\/solitairesfootparis.investir-sur-soi.fr\/index.php\/wp-json\/wp\/v2\/pages"}],"about":[{"href":"https:\/\/solitairesfootparis.investir-sur-soi.fr\/index.php\/wp-json\/wp\/v2\/types\/page"}],"author":[{"embeddable":true,"href":"https:\/\/solitairesfootparis.investir-sur-soi.fr\/index.php\/wp-json\/wp\/v2\/users\/1"}],"replies":[{"embeddable":true,"href":"https:\/\/solitairesfootparis.investir-sur-soi.fr\/index.php\/wp-json\/wp\/v2\/comments?post=223"}],"version-history":[{"count":4,"href":"https:\/\/solitairesfootparis.investir-sur-soi.fr\/index.php\/wp-json\/wp\/v2\/pages\/223\/revisions"}],"predecessor-version":[{"id":928,"href":"https:\/\/solitairesfootparis.investir-sur-soi.fr\/index.php\/wp-json\/wp\/v2\/pages\/223\/revisions\/928"}],"wp:attachment":[{"href":"https:\/\/solitairesfootparis.investir-sur-soi.fr\/index.php\/wp-json\/wp\/v2\/media?parent=223"}],"curies":[{"name":"wp","href":"https:\/\/api.w.org\/{rel}","templated":true}]}}